{"id":205,"date":"2025-12-11T21:07:25","date_gmt":"2025-12-11T20:07:25","guid":{"rendered":"http:\/\/escuela.teologialaicos.org\/?page_id=205"},"modified":"2025-12-16T20:07:36","modified_gmt":"2025-12-16T19:07:36","slug":"pastoral-de-lo-familiar","status":"publish","type":"page","link":"http:\/\/escuela.teologialaicos.org\/?page_id=205","title":{"rendered":"Pastoral de lo Familiar."},"content":{"rendered":"\r\n<div class=\"wp-block-columns is-layout-flex wp-container-core-columns-is-layout-1ec2ec05 wp-block-columns-is-layout-flex\" style=\"margin-top: 0; margin-bottom: 0; padding: 0;\">\r\n<div class=\"wp-block-column has-global-padding is-layout-constrained wp-block-column-is-layout-constrained\" style=\"flex-basis: 66.66%;\">\r\n<h2><strong>Pastoral de la Familia:<\/strong><\/h2>\r\n<blockquote>\r\n<h4><em>\u00abNo basta con querer ayudar; es necesario saber c\u00f3mo hacerlo. Inscr\u00edbete hoy y haz que tu compasi\u00f3n se convierta en una misi\u00f3n experta.\u00bb<\/em><\/h4>\r\n<\/blockquote>\r\n<h3><strong>\u00bfPara que sirve este Curso Master?<\/strong><\/h3>\r\n<p>Esta pensado para formar l\u00edderes agentes de pastoral para que dirijan el acompa\u00f1amiento de las familias: resaltando la dignidad de la persona en las circunstancias concretas de cada familia, acompa\u00f1ando a todos sus miembros y logrando difundir una cultura de promoci\u00f3n y propuesta de la familia cristiana en la actualidad[cite: 4].<\/p>\r\n<h3>A quienes les interesa o conviene cursarlo?<\/h3>\r\n<p>Est\u00e1 dirigido a los l\u00edderes de los decanatos de la Arquidi\u00f3cesis, con experiencia apost\u00f3lica y comprometidos firmemente en el servicio a la comunidad diocesana[cite: 6].<\/p>\r\n<h3>Y cual sera el papel que tendran los alumnos al finalizar?<\/h3>\r\n<p>Evangelizador que ejerce el liderazgo a nivel decanal en el \u00e1mbito de la pastoral familiar para formar y coordinar equipos de atenci\u00f3n, asesor\u00eda y acompa\u00f1amiento a novios y matrimonios, con el fin de difundir una cultura del amor y de la dignidad de la persona y la familia.<\/p>\r\n<h3>Materias y Modulos:<\/h3>\r\n<p>Esta Maestria se compone de 3 diplomados, y en cada Diplomado, se cursan los siguientes modulos como materias particulares de estudio:<\/p>\r\n<h4>DIPLOMADO I<\/h4>\r\n<p>1. Antropolog\u00eda Cristiana\u00a0<br \/>2. Contexto hist\u00f3rico filos\u00f3fico de la persona 1<br \/>3. Procesos psicoevolutivos del adolescente, joven, matrimonio y Familia 2<br \/>4. Familia (*Comunio personarum*) 3<br \/>5. Teolog\u00eda del cuerpo 4<\/p>\r\n<h4>DIPLOMADO II<\/h4>\r\n<p>1. Moral sexual 6<br \/>2. Divinizaci\u00f3n del hombre 7<br \/>3. Espiritualidad e identidad bautismal 8<br \/>4. Magisterio de la Iglesia en torno a la familia 9<br \/>5. Pedagog\u00eda de la pastoral familiar en la Di\u00f3cesis [cite: 20<\/p>\r\n<h4>DIPLOMADO III<\/h4>\r\n<p>1. Taller de liderazgo, organizaci\u00f3n y trabajo en equipo [cite: 22<br \/>2. Taller de acompa\u00f1amiento (Familias, adolescentes, j\u00f3venes) [cite: 23<br \/>3. Taller de escucha, asertividad e inteligencia emocional [cite: 24<br \/>4. Taller de perd\u00f3n [cite: 25<br \/>5. Taller de violencia y manejo de conflictos<\/p>\r\n<h3>Duracion:<\/h3>\r\n<p>El curso tiene una duracion de 15 messes, y cada Diplomado, dura 5 meses<\/p>\r\n<h3>Metodologia del aprendizaje:<\/h3>\r\n<p>En cada Diplomado, se sigue la siguiente forma de ensenar<\/p>\r\n<ul>\r\n<li style=\"list-style-type: none;\">\r\n<ul>\r\n<li>Dos\u00a0 clases EN VIVO, (via Zoom (dos veces por semana)) explicadas por el profesor, donde se explican los conceptos principales<\/li>\r\n<li>Si por alguna razon. el alumno no pudo participar de la CLASE EN VIVO, puede verla como clase de archivo en otro dia.<\/li>\r\n<li>Ocasionalmente, y a jucio del Maestro, a los alumnos, para que profundicen, se les encarga algun tipo de tarea (discusion en grupo o chat, redaccion de resumentes, etc.)<\/li>\r\n<li>En el Diplomado III, se trata, mas que de Clase, de usar TALLERES como metodo de aprendizaje practico, donde se aplican los conceptos teoricos de los Diplomados anteriores.<\/li>\r\n<li>Todo esto, en la plataforma electronica de Zoom y WhatsApp<\/li>\r\n<\/ul>\r\n<\/li>\r\n<\/ul>\r\n<h3>Que instutucion catolica respalda a este curso?<\/h3>\r\n<p>Este Maser, con sus 3 Diplomados, tiene un doble respaldo:<\/p>\r\n<ul>\r\n<li style=\"list-style-type: none;\">\r\n<ul>\r\n<li>La Universidad Anahuac<\/li>\r\n<li>El instituto pontificio &#8216;juan pablo II&#8217; para la familia y el matrimonio<\/li>\r\n<\/ul>\r\n<\/li>\r\n<\/ul>\r\n<p>Y Pueden consultarse las referencias a la <a href=\"https:\/\/www.anahuac.mx\/\">Universidad<\/a> y al <a href=\"https:\/\/familia.anahuac.mx\/\">Instituto<\/a><\/p>\r\n<p><a href=\"https:\/\/www.anahuac.mx\/\"><img loading=\"lazy\" decoding=\"async\" class=\"alignnone  wp-image-280\" src=\"http:\/\/escuela.teologialaicos.org\/wp-content\/uploads\/2025\/12\/univ_anahuac-300x153.jpg\" alt=\"\" width=\"380\" height=\"194\" srcset=\"http:\/\/escuela.teologialaicos.org\/wp-content\/uploads\/2025\/12\/univ_anahuac-300x153.jpg 300w, http:\/\/escuela.teologialaicos.org\/wp-content\/uploads\/2025\/12\/univ_anahuac-1024x522.jpg 1024w, http:\/\/escuela.teologialaicos.org\/wp-content\/uploads\/2025\/12\/univ_anahuac-768x392.jpg 768w, http:\/\/escuela.teologialaicos.org\/wp-content\/uploads\/2025\/12\/univ_anahuac.jpg 1343w\" sizes=\"auto, (max-width: 380px) 100vw, 380px\" \/><\/a>\u00a0 \u00a0 <a href=\"https:\/\/familia.anahuac.mx\/\"><img loading=\"lazy\" decoding=\"async\" class=\"alignnone  wp-image-279\" src=\"http:\/\/escuela.teologialaicos.org\/wp-content\/uploads\/2025\/12\/instituto_jp2-300x143.jpg\" alt=\"\" width=\"413\" height=\"197\" srcset=\"http:\/\/escuela.teologialaicos.org\/wp-content\/uploads\/2025\/12\/instituto_jp2-300x143.jpg 300w, http:\/\/escuela.teologialaicos.org\/wp-content\/uploads\/2025\/12\/instituto_jp2-1024x488.jpg 1024w, http:\/\/escuela.teologialaicos.org\/wp-content\/uploads\/2025\/12\/instituto_jp2-768x366.jpg 768w, http:\/\/escuela.teologialaicos.org\/wp-content\/uploads\/2025\/12\/instituto_jp2.jpg 1340w\" sizes=\"auto, (max-width: 413px) 100vw, 413px\" \/><\/a><\/p>\r\n<h3>Costos y formas de pago:<\/h3>\r\n<ul>\r\n<li>Inscripcion: Cuota de 100.00 usd<\/li>\r\n<li>Mensualidades: 100.00 usd\u00a0 (15 pagos)<\/li>\r\n<li>Formas de pago: PayPal o tarjeta (credito\/debito)<\/li>\r\n<\/ul>\r\n<p>&nbsp;<\/p>\r\n<\/div>\r\n\r\n\r\n\r\n<div class=\"wp-block-column is-layout-flow wp-block-column-is-layout-flow\" style=\"flex-basis: 33.33%;\"><hr class=\"wp-block-separator has-alpha-channel-opacity\" \/>\r\n\r\n\r\n<figure class=\"wp-block-image size-full\"><img loading=\"lazy\" decoding=\"async\" width=\"1024\" height=\"1024\" class=\"wp-image-234\" src=\"http:\/\/escuela.teologialaicos.org\/wp-content\/uploads\/2025\/12\/pastora_familia01.png\" alt=\"\" srcset=\"http:\/\/escuela.teologialaicos.org\/wp-content\/uploads\/2025\/12\/pastora_familia01.png 1024w, http:\/\/escuela.teologialaicos.org\/wp-content\/uploads\/2025\/12\/pastora_familia01-300x300.png 300w, http:\/\/escuela.teologialaicos.org\/wp-content\/uploads\/2025\/12\/pastora_familia01-150x150.png 150w, http:\/\/escuela.teologialaicos.org\/wp-content\/uploads\/2025\/12\/pastora_familia01-768x768.png 768w\" sizes=\"auto, (max-width: 1024px) 100vw, 1024px\" \/><\/figure>\r\n\r\n\r\n<hr class=\"wp-block-separator has-alpha-channel-opacity\" \/>\r\n\r\n\r\n<div class=\"wp-block-buttons is-layout-flex wp-block-buttons-is-layout-flex\">\r\n<div class=\"wp-block-button has-custom-width wp-block-button__width-100\"><a class=\"wp-block-button__link wp-element-button\" href=\"http:\/\/escuela.teologialaicos.org\/?page_id=93\">Inscribete!<\/a><\/div>\r\n<\/div>\r\n\r\n\r\n<hr class=\"wp-block-separator has-alpha-channel-opacity\" \/>\r\n\r\n\r\n<div class=\"wp-block-file\"><a id=\"wp-block-file--media-e53b8590-0b77-4900-a384-2c1ff9dc6979\" href=\"http:\/\/escuela.teologialaicos.org\/wp-content\/uploads\/2025\/12\/Flyer_pf_01.jpeg\">Flyer_pf_01<\/a><a class=\"wp-block-file__button wp-element-button\" href=\"http:\/\/escuela.teologialaicos.org\/wp-content\/uploads\/2025\/12\/Flyer_pf_01.jpeg\" download=\"\" aria-describedby=\"wp-block-file--media-e53b8590-0b77-4900-a384-2c1ff9dc6979\">Descarga<\/a><\/div>\r\n\r\n\r\n<hr class=\"wp-block-separator has-alpha-channel-opacity\" \/>\r\n\r\n\r\n<div data-wp-interactive=\"core\/file\" class=\"wp-block-file\"><object data-wp-bind--hidden=\"!state.hasPdfPreview\" hidden class=\"wp-block-file__embed\" style=\"width: 100%; height: 600px;\" data=\"http:\/\/escuela.teologialaicos.org\/wp-content\/uploads\/2025\/12\/Master-Pastoral-Familiar-1.pdf\" type=\"application\/pdf\" width=\"300\" height=\"150\" aria-label=\"Incrustado de M\u00e1ster Pastoral Familiar-1.\"><\/object><a id=\"wp-block-file--media-48925d74-2bb9-4245-b0dc-aca2b9c1da59\" href=\"http:\/\/escuela.teologialaicos.org\/wp-content\/uploads\/2025\/12\/Master-Pastoral-Familiar-1.pdf\">M\u00e1ster Pastoral Familiar-1<\/a><a class=\"wp-block-file__button wp-element-button\" href=\"http:\/\/escuela.teologialaicos.org\/wp-content\/uploads\/2025\/12\/Master-Pastoral-Familiar-1.pdf\" download=\"\" aria-describedby=\"wp-block-file--media-48925d74-2bb9-4245-b0dc-aca2b9c1da59\">Descarga<\/a><\/div>\r\n\r\n\r\n\r\n<p>\/<\/p>\r\n\r\n\r\n\r\n<figure class=\"wp-block-video\"><video style=\"aspect-ratio: 1920 \/ 1080;\" src=\"http:\/\/escuela.teologialaicos.org\/wp-content\/uploads\/2025\/12\/WhatsApp-Video-2025-12-04-at-10.23.27.mp4\" controls=\"controls\" width=\"1920\" height=\"1080\"><\/video><\/figure>\r\n<\/div>\r\n<\/div>\r\n","protected":false},"excerpt":{"rendered":"<p>Pastoral de la Familia: \u00abNo basta con querer ayudar; es necesario saber c\u00f3mo hacerlo. Inscr\u00edbete hoy y haz que tu compasi\u00f3n se convierta en una misi\u00f3n experta.\u00bb \u00bfPara que sirve este Curso Master? Esta pensado para formar l\u00edderes agentes de pastoral para que dirijan el acompa\u00f1amiento de las familias: resaltando la dignidad de la persona [&hellip;]<\/p>\n","protected":false},"author":1,"featured_media":0,"parent":71,"menu_order":0,"comment_status":"closed","ping_status":"closed","template":"wp-custom-template-plantilla-ancho-total","meta":{"_themeisle_gutenberg_block_has_review":false,"footnotes":""},"class_list":["post-205","page","type-page","status-publish","hentry"],"_links":{"self":[{"href":"http:\/\/escuela.teologialaicos.org\/index.php?rest_route=\/wp\/v2\/pages\/205","targetHints":{"allow":["GET"]}}],"collection":[{"href":"http:\/\/escuela.teologialaicos.org\/index.php?rest_route=\/wp\/v2\/pages"}],"about":[{"href":"http:\/\/escuela.teologialaicos.org\/index.php?rest_route=\/wp\/v2\/types\/page"}],"author":[{"embeddable":true,"href":"http:\/\/escuela.teologialaicos.org\/index.php?rest_route=\/wp\/v2\/users\/1"}],"replies":[{"embeddable":true,"href":"http:\/\/escuela.teologialaicos.org\/index.php?rest_route=%2Fwp%2Fv2%2Fcomments&post=205"}],"version-history":[{"count":11,"href":"http:\/\/escuela.teologialaicos.org\/index.php?rest_route=\/wp\/v2\/pages\/205\/revisions"}],"predecessor-version":[{"id":271,"href":"http:\/\/escuela.teologialaicos.org\/index.php?rest_route=\/wp\/v2\/pages\/205\/revisions\/271"}],"up":[{"embeddable":true,"href":"http:\/\/escuela.teologialaicos.org\/index.php?rest_route=\/wp\/v2\/pages\/71"}],"wp:attachment":[{"href":"http:\/\/escuela.teologialaicos.org\/index.php?rest_route=%2Fwp%2Fv2%2Fmedia&parent=205"}],"curies":[{"name":"wp","href":"https:\/\/api.w.org\/{rel}","templated":true}]}}

<div class="wp-block-columns is-layout-flex wp-container-core-columns-is-layout-1ec2ec05 wp-block-columns-is-layout-flex" style="margin-top: 0; margin-bottom: 0; padding: 0;">
<div class="wp-block-column has-global-padding is-layout-constrained wp-block-column-is-layout-constrained" style="flex-basis: 66.66%;">
<h2><strong>Pastoral de la Familia:</strong></h2>
<blockquote>
<h4><em>«No basta con querer ayudar; es necesario saber cómo hacerlo. Inscríbete hoy y haz que tu compasión se convierta en una misión experta.»</em></h4>
</blockquote>
<h3><strong>¿Para que sirve este Curso Master?</strong></h3>
<p>Esta pensado para formar líderes agentes de pastoral para que dirijan el acompañamiento de las familias: resaltando la dignidad de la persona en las circunstancias concretas de cada familia, acompañando a todos sus miembros y logrando difundir una cultura de promoción y propuesta de la familia cristiana en la actualidad[cite: 4].</p>
<h3>A quienes les interesa o conviene cursarlo?</h3>
<p>Está dirigido a los líderes de los decanatos de la Arquidiócesis, con experiencia apostólica y comprometidos firmemente en el servicio a la comunidad diocesana[cite: 6].</p>
<h3>Y cual sera el papel que tendran los alumnos al finalizar?</h3>
<p>Evangelizador que ejerce el liderazgo a nivel decanal en el ámbito de la pastoral familiar para formar y coordinar equipos de atención, asesoría y acompañamiento a novios y matrimonios, con el fin de difundir una cultura del amor y de la dignidad de la persona y la familia.</p>
<h3>Materias y Modulos:</h3>
<p>Esta Maestria se compone de 3 diplomados, y en cada Diplomado, se cursan los siguientes modulos como materias particulares de estudio:</p>
<h4>DIPLOMADO I</h4>
<p>1. Antropología Cristiana <br />2. Contexto histórico filosófico de la persona 1<br />3. Procesos psicoevolutivos del adolescente, joven, matrimonio y Familia 2<br />4. Familia (*Comunio personarum*) 3<br />5. Teología del cuerpo 4</p>
<h4>DIPLOMADO II</h4>
<p>1. Moral sexual 6<br />2. Divinización del hombre 7<br />3. Espiritualidad e identidad bautismal 8<br />4. Magisterio de la Iglesia en torno a la familia 9<br />5. Pedagogía de la pastoral familiar en la Diócesis [cite: 20</p>
<h4>DIPLOMADO III</h4>
<p>1. Taller de liderazgo, organización y trabajo en equipo [cite: 22<br />2. Taller de acompañamiento (Familias, adolescentes, jóvenes) [cite: 23<br />3. Taller de escucha, asertividad e inteligencia emocional [cite: 24<br />4. Taller de perdón [cite: 25<br />5. Taller de violencia y manejo de conflictos</p>
<h3>Duracion:</h3>
<p>El curso tiene una duracion de 15 messes, y cada Diplomado, dura 5 meses</p>
<h3>Metodologia del aprendizaje:</h3>
<p>En cada Diplomado, se sigue la siguiente forma de ensenar</p>
<ul>
<li style="list-style-type: none;">
<ul>
<li>Dos  clases EN VIVO, (via Zoom (dos veces por semana)) explicadas por el profesor, donde se explican los conceptos principales</li>
<li>Si por alguna razon. el alumno no pudo participar de la CLASE EN VIVO, puede verla como clase de archivo en otro dia.</li>
<li>Ocasionalmente, y a jucio del Maestro, a los alumnos, para que profundicen, se les encarga algun tipo de tarea (discusion en grupo o chat, redaccion de resumentes, etc.)</li>
<li>En el Diplomado III, se trata, mas que de Clase, de usar TALLERES como metodo de aprendizaje practico, donde se aplican los conceptos teoricos de los Diplomados anteriores.</li>
<li>Todo esto, en la plataforma electronica de Zoom y WhatsApp</li>
</ul>
</li>
</ul>
<h3>Que instutucion catolica respalda a este curso?</h3>
<p>Este Maser, con sus 3 Diplomados, tiene un doble respaldo:</p>
<ul>
<li style="list-style-type: none;">
<ul>
<li>La Universidad Anahuac</li>
<li>El instituto pontificio &#8216;juan pablo II&#8217; para la familia y el matrimonio</li>
</ul>
</li>
</ul>
<p>Y Pueden consultarse las referencias a la <a href="https://www.anahuac.mx/">Universidad</a> y al <a href="https://familia.anahuac.mx/">Instituto</a></p>
<p><a href="https://www.anahuac.mx/"><img loading="lazy" decoding="async" class="alignnone  wp-image-280" src="http://escuela.teologialaicos.org/wp-content/uploads/2025/12/univ_anahuac-300x153.jpg" alt="" width="380" height="194" srcset="http://escuela.teologialaicos.org/wp-content/uploads/2025/12/univ_anahuac-300x153.jpg 300w, http://escuela.teologialaicos.org/wp-content/uploads/2025/12/univ_anahuac-1024x522.jpg 1024w, http://escuela.teologialaicos.org/wp-content/uploads/2025/12/univ_anahuac-768x392.jpg 768w, http://escuela.teologialaicos.org/wp-content/uploads/2025/12/univ_anahuac.jpg 1343w" sizes="auto, (max-width: 380px) 100vw, 380px" /></a>    <a href="https://familia.anahuac.mx/"><img loading="lazy" decoding="async" class="alignnone  wp-image-279" src="http://escuela.teologialaicos.org/wp-content/uploads/2025/12/instituto_jp2-300x143.jpg" alt="" width="413" height="197" srcset="http://escuela.teologialaicos.org/wp-content/uploads/2025/12/instituto_jp2-300x143.jpg 300w, http://escuela.teologialaicos.org/wp-content/uploads/2025/12/instituto_jp2-1024x488.jpg 1024w, http://escuela.teologialaicos.org/wp-content/uploads/2025/12/instituto_jp2-768x366.jpg 768w, http://escuela.teologialaicos.org/wp-content/uploads/2025/12/instituto_jp2.jpg 1340w" sizes="auto, (max-width: 413px) 100vw, 413px" /></a></p>
<h3>Costos y formas de pago:</h3>
<ul>
<li>Inscripcion: Cuota de 100.00 usd</li>
<li>Mensualidades: 100.00 usd  (15 pagos)</li>
<li>Formas de pago: PayPal o tarjeta (credito/debito)</li>
</ul>
<p>&nbsp;</p>
</div>



<div class="wp-block-column is-layout-flow wp-block-column-is-layout-flow" style="flex-basis: 33.33%;"><hr class="wp-block-separator has-alpha-channel-opacity" />


<figure class="wp-block-image size-full"><img loading="lazy" decoding="async" width="1024" height="1024" class="wp-image-234" src="http://escuela.teologialaicos.org/wp-content/uploads/2025/12/pastora_familia01.png" alt="" srcset="http://escuela.teologialaicos.org/wp-content/uploads/2025/12/pastora_familia01.png 1024w, http://escuela.teologialaicos.org/wp-content/uploads/2025/12/pastora_familia01-300x300.png 300w, http://escuela.teologialaicos.org/wp-content/uploads/2025/12/pastora_familia01-150x150.png 150w, http://escuela.teologialaicos.org/wp-content/uploads/2025/12/pastora_familia01-768x768.png 768w" sizes="auto, (max-width: 1024px) 100vw, 1024px" /></figure>


<hr class="wp-block-separator has-alpha-channel-opacity" />


<div class="wp-block-buttons is-layout-flex wp-block-buttons-is-layout-flex">
<div class="wp-block-button has-custom-width wp-block-button__width-100"><a class="wp-block-button__link wp-element-button" href="http://escuela.teologialaicos.org/?page_id=93">Inscribete!</a></div>
</div>


<hr class="wp-block-separator has-alpha-channel-opacity" />


<div class="wp-block-file"><a id="wp-block-file--media-e53b8590-0b77-4900-a384-2c1ff9dc6979" href="http://escuela.teologialaicos.org/wp-content/uploads/2025/12/Flyer_pf_01.jpeg">Flyer_pf_01</a><a class="wp-block-file__button wp-element-button" href="http://escuela.teologialaicos.org/wp-content/uploads/2025/12/Flyer_pf_01.jpeg" download="" aria-describedby="wp-block-file--media-e53b8590-0b77-4900-a384-2c1ff9dc6979">Descarga</a></div>


<hr class="wp-block-separator has-alpha-channel-opacity" />


<div data-wp-interactive="core/file" class="wp-block-file"><object data-wp-bind--hidden="!state.hasPdfPreview" hidden class="wp-block-file__embed" style="width: 100%; height: 600px;" data="http://escuela.teologialaicos.org/wp-content/uploads/2025/12/Master-Pastoral-Familiar-1.pdf" type="application/pdf" width="300" height="150" aria-label="Incrustado de Máster Pastoral Familiar-1."></object><a id="wp-block-file--media-48925d74-2bb9-4245-b0dc-aca2b9c1da59" href="http://escuela.teologialaicos.org/wp-content/uploads/2025/12/Master-Pastoral-Familiar-1.pdf">Máster Pastoral Familiar-1</a><a class="wp-block-file__button wp-element-button" href="http://escuela.teologialaicos.org/wp-content/uploads/2025/12/Master-Pastoral-Familiar-1.pdf" download="" aria-describedby="wp-block-file--media-48925d74-2bb9-4245-b0dc-aca2b9c1da59">Descarga</a></div>



<p>/</p>



<figure class="wp-block-video"><video style="aspect-ratio: 1920 / 1080;" src="http://escuela.teologialaicos.org/wp-content/uploads/2025/12/WhatsApp-Video-2025-12-04-at-10.23.27.mp4" controls="controls" width="1920" height="1080"></video></figure>
</div>
</div>

<p>Pastoral de la Familia: «No basta con querer ayudar; es necesario saber cómo hacerlo. Inscríbete hoy y haz que tu compasión se convierta en una misión experta.» ¿Para que sirve este Curso Master? Esta pensado para formar líderes agentes de pastoral para que dirijan el acompañamiento de las familias: resaltando la dignidad de la persona [&hellip;]</p>
