{"id":342,"date":"2026-04-29T14:39:39","date_gmt":"2026-04-29T20:39:39","guid":{"rendered":"https:\/\/escuela.teologialaicos.org\/?page_id=342"},"modified":"2026-04-29T15:05:43","modified_gmt":"2026-04-29T21:05:43","slug":"fundamentos-de-la-fe","status":"publish","type":"page","link":"http:\/\/escuela.teologialaicos.org\/?page_id=342","title":{"rendered":"Fundamentos de la Fe"},"content":{"rendered":"<h2>Curso de Fundamentos de la Fe Catolica:<\/h2>\n<h2>NADIE AMA LO QUE NO CONCE&#8230;<\/h2>\n<h3 data-path-to-node=\"2\"><b data-path-to-node=\"2\" data-index-in-node=\"0\">Diplomado: Fundamentos de la Fe y Vida Cristiana<\/b><\/h3>\n<h3 data-path-to-node=\"3,0,0\"><b data-path-to-node=\"3,0,0\" data-index-in-node=\"0\">\u00bfQu\u00e9 es?<\/b><\/h3>\n<p data-path-to-node=\"3,0,0\">Un recorrido integral por los pilares del catolicismo. Aprender\u00e1s las bases del <b data-path-to-node=\"3,0,0\" data-index-in-node=\"89\">Dogma<\/b>, la profundidad de la <b data-path-to-node=\"3,0,0\" data-index-in-node=\"117\">Liturgia<\/b> (sacramentos y signos) y c\u00f3mo vivir la fe en la cultura actual. Es el paso de una \u00abfe de herencia\u00bb a una <b data-path-to-node=\"3,0,0\" data-index-in-node=\"231\">fe de convicci\u00f3n<\/b> y conocimiento.<\/p>\n<p data-path-to-node=\"3,0,0\"><img loading=\"lazy\" decoding=\"async\" class=\"alignnone wp-image-332\" src=\"http:\/\/escuela.teologialaicos.org\/wp-content\/uploads\/2026\/04\/nuevos_cursos_13-1-300x164.png\" alt=\"\" width=\"644\" height=\"352\" srcset=\"http:\/\/escuela.teologialaicos.org\/wp-content\/uploads\/2026\/04\/nuevos_cursos_13-1-300x164.png 300w, http:\/\/escuela.teologialaicos.org\/wp-content\/uploads\/2026\/04\/nuevos_cursos_13-1-1024x559.png 1024w, http:\/\/escuela.teologialaicos.org\/wp-content\/uploads\/2026\/04\/nuevos_cursos_13-1-768x419.png 768w, http:\/\/escuela.teologialaicos.org\/wp-content\/uploads\/2026\/04\/nuevos_cursos_13-1.png 1408w\" sizes=\"auto, (max-width: 644px) 100vw, 644px\" \/><\/p>\n<h3 data-path-to-node=\"3,1,0\"><b data-path-to-node=\"3,1,0\" data-index-in-node=\"0\">\u00bfA qui\u00e9nes va ofrecido?<\/b><\/h3>\n<p data-path-to-node=\"3,1,0\">Principalmente a <b data-path-to-node=\"3,1,0\" data-index-in-node=\"41\">laicos comprometidos<\/b>, catequistas, asistentes parroquiales y cualquier adulto que sienta que su formaci\u00f3n religiosa se qued\u00f3 en la infancia y desea herramientas s\u00f3lidas para dar raz\u00f3n de su esperanza.<\/p>\n<h3 data-path-to-node=\"3,2,0\"><b data-path-to-node=\"3,2,0\" data-index-in-node=\"0\">Campo de aplicaci\u00f3n<\/b><\/h3>\n<p data-path-to-node=\"3,2,0\">Ideal para coordinadores de <b data-path-to-node=\"3,2,0\" data-index-in-node=\"48\">comit\u00e9s parroquiales<\/b>, docentes en formaci\u00f3n humanista, l\u00edderes de <b data-path-to-node=\"3,2,0\" data-index-in-node=\"114\">catequesis familiar<\/b> y agentes de pastoral que buscan servir con mayor seguridad doctrinal en su comunidad.<\/p>\n<h3 data-path-to-node=\"3,3,0\"><b data-path-to-node=\"3,3,0\" data-index-in-node=\"0\">Duraci\u00f3n<\/b> <b data-path-to-node=\"3,3,0\" data-index-in-node=\"9\">6 meses<\/b><\/h3>\n<p data-path-to-node=\"3,3,0\">(intensivo), con sesiones dise\u00f1adas para integrarse a la vida laboral y familiar.<\/p>\n<h3 data-path-to-node=\"3,4,0\"><b data-path-to-node=\"3,4,0\" data-index-in-node=\"0\">Requisitos<\/b><\/h3>\n<ul>\n<li data-path-to-node=\"3,4,1,0,0\">Estudios m\u00ednimos de <b data-path-to-node=\"3,4,1,0,0\" data-index-in-node=\"20\">secundaria<\/b>.<\/li>\n<li data-path-to-node=\"3,4,1,1,0\">Hambre de formaci\u00f3n y compromiso con el crecimiento espiritual.<\/li>\n<li data-path-to-node=\"3,4,1,2,0\">Carta de recomendaci\u00f3n de su parroquia (opcional).<\/li>\n<\/ul>\n<h3>Costo:<\/h3>\n<p>70 usd (beca del 30% a los primeros 15 que se inscriban)<\/p>\n<h3>Inicio proximo:<\/h3>\n<p>18 de mayo<\/p>\n","protected":false},"excerpt":{"rendered":"<p>Curso de Fundamentos de la Fe Catolica: NADIE AMA LO QUE NO CONCE&#8230; Diplomado: Fundamentos de la Fe y Vida Cristiana \u00bfQu\u00e9 es? Un recorrido integral por los pilares del catolicismo. Aprender\u00e1s las bases del Dogma, la profundidad de la Liturgia (sacramentos y signos) y c\u00f3mo vivir la fe en la cultura actual. Es el [&hellip;]<\/p>\n","protected":false},"author":1,"featured_media":332,"parent":71,"menu_order":0,"comment_status":"closed","ping_status":"closed","template":"wp-custom-template-plantilla-ancho-total","meta":{"_themeisle_gutenberg_block_has_review":false,"footnotes":""},"class_list":["post-342","page","type-page","status-publish","has-post-thumbnail","hentry"],"_links":{"self":[{"href":"http:\/\/escuela.teologialaicos.org\/index.php?rest_route=\/wp\/v2\/pages\/342","targetHints":{"allow":["GET"]}}],"collection":[{"href":"http:\/\/escuela.teologialaicos.org\/index.php?rest_route=\/wp\/v2\/pages"}],"about":[{"href":"http:\/\/escuela.teologialaicos.org\/index.php?rest_route=\/wp\/v2\/types\/page"}],"author":[{"embeddable":true,"href":"http:\/\/escuela.teologialaicos.org\/index.php?rest_route=\/wp\/v2\/users\/1"}],"replies":[{"embeddable":true,"href":"http:\/\/escuela.teologialaicos.org\/index.php?rest_route=%2Fwp%2Fv2%2Fcomments&post=342"}],"version-history":[{"count":5,"href":"http:\/\/escuela.teologialaicos.org\/index.php?rest_route=\/wp\/v2\/pages\/342\/revisions"}],"predecessor-version":[{"id":352,"href":"http:\/\/escuela.teologialaicos.org\/index.php?rest_route=\/wp\/v2\/pages\/342\/revisions\/352"}],"up":[{"embeddable":true,"href":"http:\/\/escuela.teologialaicos.org\/index.php?rest_route=\/wp\/v2\/pages\/71"}],"wp:featuredmedia":[{"embeddable":true,"href":"http:\/\/escuela.teologialaicos.org\/index.php?rest_route=\/wp\/v2\/media\/332"}],"wp:attachment":[{"href":"http:\/\/escuela.teologialaicos.org\/index.php?rest_route=%2Fwp%2Fv2%2Fmedia&parent=342"}],"curies":[{"name":"wp","href":"https:\/\/api.w.org\/{rel}","templated":true}]}}

<h2>Curso de Fundamentos de la Fe Catolica:</h2>
<h2>NADIE AMA LO QUE NO CONCE&#8230;</h2>
<h3 data-path-to-node="2"><b data-path-to-node="2" data-index-in-node="0">Diplomado: Fundamentos de la Fe y Vida Cristiana</b></h3>
<h3 data-path-to-node="3,0,0"><b data-path-to-node="3,0,0" data-index-in-node="0">¿Qué es?</b></h3>
<p data-path-to-node="3,0,0">Un recorrido integral por los pilares del catolicismo. Aprenderás las bases del <b data-path-to-node="3,0,0" data-index-in-node="89">Dogma</b>, la profundidad de la <b data-path-to-node="3,0,0" data-index-in-node="117">Liturgia</b> (sacramentos y signos) y cómo vivir la fe en la cultura actual. Es el paso de una «fe de herencia» a una <b data-path-to-node="3,0,0" data-index-in-node="231">fe de convicción</b> y conocimiento.</p>
<p data-path-to-node="3,0,0"><img loading="lazy" decoding="async" class="alignnone wp-image-332" src="http://escuela.teologialaicos.org/wp-content/uploads/2026/04/nuevos_cursos_13-1-300x164.png" alt="" width="644" height="352" srcset="http://escuela.teologialaicos.org/wp-content/uploads/2026/04/nuevos_cursos_13-1-300x164.png 300w, http://escuela.teologialaicos.org/wp-content/uploads/2026/04/nuevos_cursos_13-1-1024x559.png 1024w, http://escuela.teologialaicos.org/wp-content/uploads/2026/04/nuevos_cursos_13-1-768x419.png 768w, http://escuela.teologialaicos.org/wp-content/uploads/2026/04/nuevos_cursos_13-1.png 1408w" sizes="auto, (max-width: 644px) 100vw, 644px" /></p>
<h3 data-path-to-node="3,1,0"><b data-path-to-node="3,1,0" data-index-in-node="0">¿A quiénes va ofrecido?</b></h3>
<p data-path-to-node="3,1,0">Principalmente a <b data-path-to-node="3,1,0" data-index-in-node="41">laicos comprometidos</b>, catequistas, asistentes parroquiales y cualquier adulto que sienta que su formación religiosa se quedó en la infancia y desea herramientas sólidas para dar razón de su esperanza.</p>
<h3 data-path-to-node="3,2,0"><b data-path-to-node="3,2,0" data-index-in-node="0">Campo de aplicación</b></h3>
<p data-path-to-node="3,2,0">Ideal para coordinadores de <b data-path-to-node="3,2,0" data-index-in-node="48">comités parroquiales</b>, docentes en formación humanista, líderes de <b data-path-to-node="3,2,0" data-index-in-node="114">catequesis familiar</b> y agentes de pastoral que buscan servir con mayor seguridad doctrinal en su comunidad.</p>
<h3 data-path-to-node="3,3,0"><b data-path-to-node="3,3,0" data-index-in-node="0">Duración</b> <b data-path-to-node="3,3,0" data-index-in-node="9">6 meses</b></h3>
<p data-path-to-node="3,3,0">(intensivo), con sesiones diseñadas para integrarse a la vida laboral y familiar.</p>
<h3 data-path-to-node="3,4,0"><b data-path-to-node="3,4,0" data-index-in-node="0">Requisitos</b></h3>
<ul>
<li data-path-to-node="3,4,1,0,0">Estudios mínimos de <b data-path-to-node="3,4,1,0,0" data-index-in-node="20">secundaria</b>.</li>
<li data-path-to-node="3,4,1,1,0">Hambre de formación y compromiso con el crecimiento espiritual.</li>
<li data-path-to-node="3,4,1,2,0">Carta de recomendación de su parroquia (opcional).</li>
</ul>
<h3>Costo:</h3>
<p>70 usd (beca del 30% a los primeros 15 que se inscriban)</p>
<h3>Inicio proximo:</h3>
<p>18 de mayo</p>

<p>Curso de Fundamentos de la Fe Catolica: NADIE AMA LO QUE NO CONCE&#8230; Diplomado: Fundamentos de la Fe y Vida Cristiana ¿Qué es? Un recorrido integral por los pilares del catolicismo. Aprenderás las bases del Dogma, la profundidad de la Liturgia (sacramentos y signos) y cómo vivir la fe en la cultura actual. Es el [&hellip;]</p>
