{"id":71,"date":"2025-10-08T21:29:30","date_gmt":"2025-10-08T19:29:30","guid":{"rendered":"http:\/\/wpress.test\/?page_id=71"},"modified":"2026-04-29T16:28:00","modified_gmt":"2026-04-29T22:28:00","slug":"cursos-que-ofrecemos","status":"publish","type":"page","link":"http:\/\/escuela.teologialaicos.org\/?page_id=71","title":{"rendered":"Cursos que ofrecemos&#8230;"},"content":{"rendered":"\n<div class=\"wp-block-group alignfull has-default-background-color has-background has-global-padding is-layout-constrained wp-block-group-is-layout-constrained\" style=\"padding-top:var(--wp--preset--spacing--80);padding-bottom:var(--wp--preset--spacing--80)\">\n<div class=\"wp-block-columns alignwide are-vertically-aligned-center is-layout-flex wp-container-core-columns-is-layout-cf05694f wp-block-columns-is-layout-flex\">\n<div class=\"wp-block-column is-vertically-aligned-center is-layout-flow wp-block-column-is-layout-flow\">\n<figure class=\"wp-block-image size-full\"><img loading=\"lazy\" decoding=\"async\" width=\"1024\" height=\"1024\" src=\"http:\/\/escuela.teologialaicos.org\/wp-content\/uploads\/2025\/10\/estudio01.png\" alt=\"\" class=\"wp-image-140\" srcset=\"http:\/\/escuela.teologialaicos.org\/wp-content\/uploads\/2025\/10\/estudio01.png 1024w, http:\/\/escuela.teologialaicos.org\/wp-content\/uploads\/2025\/10\/estudio01-300x300.png 300w, http:\/\/escuela.teologialaicos.org\/wp-content\/uploads\/2025\/10\/estudio01-150x150.png 150w, http:\/\/escuela.teologialaicos.org\/wp-content\/uploads\/2025\/10\/estudio01-768x768.png 768w\" sizes=\"auto, (max-width: 1024px) 100vw, 1024px\" \/><\/figure>\n<\/div>\n\n\n\n<div class=\"wp-block-column is-vertically-aligned-center is-layout-flow wp-container-core-column-is-layout-8a368f38 wp-block-column-is-layout-flow\">\n<div class=\"wp-block-group has-global-padding is-layout-constrained wp-container-core-group-is-layout-19e250f3 wp-block-group-is-layout-constrained\">\n<p class=\"has-text-align-left has-primary-color has-text-color has-x-small-font-size\" style=\"letter-spacing:1px;text-transform:uppercase\"><strong>Inicios en mayo y junio 2026<\/strong><\/p>\n\n\n\n<h2 class=\"wp-block-heading\">Inicios: Mayo y Junio 2026<\/h2>\n\n\n\n<hr class=\"wp-block-separator has-alpha-channel-opacity\"\/>\n\n\n\n<h3 class=\"wp-block-heading has-text-align-left has-base-color has-large-font-size\"><a href=\"http:\/\/escuela.teologialaicos.org\/?page_id=193\" data-type=\"page\" data-id=\"193\">Pastoral de la Salud<\/a><\/h3>\n\n\n\n<p class=\"has-text-align-left\">\u00bfSientes el llamado a ser consuelo y esperanza? Aprende a acompa\u00f1ar el sufrimiento, la enfermedad y el duelo desde la fe. Formaci\u00f3n pr\u00e1ctica y espiritual para visitar hospitales, hogares y familias.<\/p>\n\n\n\n<hr class=\"wp-block-separator has-alpha-channel-opacity\"\/>\n\n\n\n<h3 class=\"wp-block-heading has-text-align-left has-base-color has-large-font-size\"><a href=\"https:\/\/escuela.teologialaicos.org\/?page_id=333\" data-type=\"page\" data-id=\"333\">Maestria en &#8216;Relacion de Ayuda&#8217;<\/a><\/h3>\n\n\n\n<p>La buena voluntad de ayudar a otros cuando estan en una situacion dificil, o ayuda para tomar una decision importante, no siempre basta&#8230; pues no se trata solo de ofrecer nuestra propia opinion.. el como ayudar, requiere formacion para no ser motivo de &#8216;desayuda&#8217;<\/p>\n\n\n\n<hr class=\"wp-block-separator has-alpha-channel-opacity\"\/>\n\n\n\n<h3 class=\"wp-block-heading has-text-align-left has-base-color has-large-font-size\"><a href=\"https:\/\/escuela.teologialaicos.org\/?page_id=342\" data-type=\"page\" data-id=\"342\">Fundamentos de la Fe Catolica<\/a><\/h3>\n\n\n\n<p>\u00abNadie ama lo que no conoce\u00bb&#8230; Es importante conocer la Fe Catolica (Dogma, Moral, Liturgia) para poder vivirla correctamente<\/p>\n<\/div>\n\n\n\n<div style=\"height:var(--wp--preset--spacing--40)\" aria-hidden=\"true\" class=\"wp-block-spacer\"><\/div>\n\n\n\n<div class=\"wp-block-group is-layout-grid wp-container-core-group-is-layout-a9535673 wp-block-group-is-layout-grid\">\n<div class=\"wp-block-group is-content-justification-left is-nowrap is-layout-flex wp-container-core-group-is-layout-188c0e73 wp-block-group-is-layout-flex\">\n<figure class=\"wp-block-image size-full is-resized\"><img decoding=\"async\" src=\"http:\/\/escuela.teologialaicos.org\/wp-content\/themes\/patterns-education\/assets\/img\/icon-1.png\" alt=\"\" style=\"width:16px\"\/><\/figure>\n\n\n\n<p class=\"has-x-small-font-size\" style=\"font-style:normal;font-weight:600;line-height:1.2\">Estudia remotamente<\/p>\n<\/div>\n\n\n\n<div class=\"wp-block-group wp-container-content-b959ccbe is-content-justification-left is-nowrap is-layout-flex wp-container-core-group-is-layout-188c0e73 wp-block-group-is-layout-flex\">\n<figure class=\"wp-block-image size-full is-resized\"><img decoding=\"async\" src=\"http:\/\/escuela.teologialaicos.org\/wp-content\/themes\/patterns-education\/assets\/img\/icon-1.png\" alt=\"\" style=\"width:16px\"\/><\/figure>\n\n\n\n<p class=\"has-x-small-font-size\" style=\"font-style:normal;font-weight:600;line-height:1.2\">Apoya a tu parroquia<\/p>\n<\/div>\n\n\n\n<div class=\"wp-block-group wp-container-content-b959ccbe is-content-justification-left is-nowrap is-layout-flex wp-container-core-group-is-layout-188c0e73 wp-block-group-is-layout-flex\">\n<figure class=\"wp-block-image size-full is-resized\"><img decoding=\"async\" src=\"http:\/\/escuela.teologialaicos.org\/wp-content\/themes\/patterns-education\/assets\/img\/icon-1.png\" alt=\"\" style=\"width:16px\"\/><\/figure>\n\n\n\n<p class=\"has-x-small-font-size\" style=\"font-style:normal;font-weight:600;line-height:1.2\">Cursos acreditados<\/p>\n<\/div>\n\n\n\n<div class=\"wp-block-group is-content-justification-left is-nowrap is-layout-flex wp-container-core-group-is-layout-188c0e73 wp-block-group-is-layout-flex\">\n<figure class=\"wp-block-image size-full is-resized\"><img decoding=\"async\" src=\"http:\/\/escuela.teologialaicos.org\/wp-content\/themes\/patterns-education\/assets\/img\/icon-1.png\" alt=\"\" style=\"width:16px\"\/><\/figure>\n\n\n\n<p class=\"has-x-small-font-size\" style=\"font-style:normal;font-weight:600;line-height:1.2\">Ayudando a la comunidad<\/p>\n<\/div>\n<\/div>\n\n\n\n<div style=\"height:var(--wp--preset--spacing--40)\" aria-hidden=\"true\" class=\"wp-block-spacer\"><\/div>\n\n\n\n<div class=\"wp-block-buttons is-content-justification-left is-layout-flex wp-container-core-buttons-is-layout-fc4fd283 wp-block-buttons-is-layout-flex\" style=\"letter-spacing:1px;text-transform:uppercase\">\n<div class=\"wp-block-button is-style-fill\"><a class=\"wp-block-button__link has-text-align-center wp-element-button\" href=\"http:\/\/escuela.teologialaicos.org\/?page_id=93\">Inscribete!<\/a><\/div>\n<\/div>\n<\/div>\n<\/div>\n<\/div>\n\n\n\n<div class=\"wp-block-group alignfull has-tertiary-background-color has-background has-global-padding is-layout-constrained wp-container-core-group-is-layout-39ef95ea wp-block-group-is-layout-constrained\" style=\"padding-top:var(--wp--preset--spacing--80);padding-bottom:var(--wp--preset--spacing--80)\">\n<div class=\"wp-block-group has-global-padding is-layout-constrained wp-container-core-group-is-layout-a18770ca wp-block-group-is-layout-constrained\">\n<p class=\"has-text-align-center has-primary-color has-text-color has-x-small-font-size\" style=\"letter-spacing:1px;text-transform:uppercase\">Top Popular Courses<\/p>\n\n\n\n<h3 class=\"wp-block-heading has-text-align-center has-base-color has-large-font-size\">Proximamente iniciaremos tambien estos nuevos cursos&#8230;<\/h3>\n<\/div>\n\n\n\n<div class=\"wp-block-columns alignwide are-vertically-aligned-center is-layout-flex wp-container-core-columns-is-layout-28f84493 wp-block-columns-is-layout-flex\">\n<div class=\"wp-block-column is-vertically-aligned-center is-layout-flow wp-block-column-is-layout-flow\">\n<div class=\"wp-block-group has-global-padding is-layout-constrained wp-container-core-group-is-layout-e555385e wp-block-group-is-layout-constrained\" style=\"border-radius:5px\">\n<figure class=\"wp-block-image size-full has-custom-border\"><img decoding=\"async\" src=\"http:\/\/escuela.teologialaicos.org\/wp-content\/themes\/patterns-education\/assets\/img\/img-3.jpg\" alt=\"\" style=\"border-top-left-radius:5px;border-top-right-radius:5px\"\/><\/figure>\n\n\n\n<div class=\"wp-block-group alignwide has-default-background-color has-background has-global-padding is-layout-constrained wp-container-core-group-is-layout-0ab104ca wp-block-group-is-layout-constrained\" style=\"padding-top:var(--wp--preset--spacing--40);padding-right:var(--wp--preset--spacing--40);padding-bottom:var(--wp--preset--spacing--40);padding-left:var(--wp--preset--spacing--40)\">\n<h5 class=\"wp-block-heading alignwide has-base-color has-text-color\">Preparacion para el matrimonio<\/h5>\n\n\n\n<p class=\"has-text-align-left has-quaternary-color has-text-color has-x-small-font-size\" style=\"line-height:1.7\">Piensas casate proximamente? nuestro curso te hara conocer como es el matrimonio cristiano en todo su esplendor, para que llegues 100% preparado al inicio de su vida juntos<\/p>\n<\/div>\n\n\n\n<div class=\"wp-block-group alignwide has-default-background-color has-background is-content-justification-space-between is-nowrap is-layout-flex wp-container-core-group-is-layout-9d881d32 wp-block-group-is-layout-flex\" style=\"border-top-color:var(--wp--preset--color--quinary);border-top-style:solid;border-top-width:1px;padding-top:var(--wp--preset--spacing--20);padding-right:var(--wp--preset--spacing--40);padding-bottom:var(--wp--preset--spacing--20);padding-left:var(--wp--preset--spacing--40)\">\n<div class=\"wp-block-group is-nowrap is-layout-flex wp-container-core-group-is-layout-f1189ed3 wp-block-group-is-layout-flex\">\n<div class=\"wp-block-group is-nowrap is-layout-flex wp-container-core-group-is-layout-9e5bc4f1 wp-block-group-is-layout-flex\">\n<figure class=\"wp-block-image size-full is-resized\" style=\"margin-top:-2px\"><img decoding=\"async\" src=\"http:\/\/escuela.teologialaicos.org\/wp-content\/themes\/patterns-education\/assets\/img\/icon-4.png\" alt=\"\" style=\"width:16px\"\/><\/figure>\n\n\n\n<p>110<\/p>\n<\/div>\n\n\n\n<div class=\"wp-block-group is-nowrap is-layout-flex wp-container-core-group-is-layout-9e5bc4f1 wp-block-group-is-layout-flex\">\n<figure class=\"wp-block-image size-full is-resized\" style=\"margin-top:-2px\"><img decoding=\"async\" src=\"http:\/\/escuela.teologialaicos.org\/wp-content\/themes\/patterns-education\/assets\/img\/icon-5.png\" alt=\"\" style=\"width:16px\"\/><\/figure>\n\n\n\n<p>10<\/p>\n<\/div>\n<\/div>\n\n\n\n<p style=\"font-style:normal;font-weight:700\">$30.00<\/p>\n<\/div>\n<\/div>\n<\/div>\n\n\n\n<div class=\"wp-block-column is-vertically-aligned-center is-layout-flow wp-block-column-is-layout-flow\">\n<div class=\"wp-block-group has-global-padding is-layout-constrained wp-container-core-group-is-layout-e555385e wp-block-group-is-layout-constrained\" style=\"border-radius:5px\">\n<figure class=\"wp-block-image size-full has-custom-border\"><img decoding=\"async\" src=\"http:\/\/escuela.teologialaicos.org\/wp-content\/themes\/patterns-education\/assets\/img\/img-4.jpg\" alt=\"\" style=\"border-top-left-radius:5px;border-top-right-radius:5px\"\/><\/figure>\n\n\n\n<div class=\"wp-block-group alignwide has-default-background-color has-background has-global-padding is-layout-constrained wp-container-core-group-is-layout-0ab104ca wp-block-group-is-layout-constrained\" style=\"padding-top:var(--wp--preset--spacing--40);padding-right:var(--wp--preset--spacing--40);padding-bottom:var(--wp--preset--spacing--40);padding-left:var(--wp--preset--spacing--40)\">\n<h5 class=\"wp-block-heading alignwide has-base-color has-text-color\">Teologia basica<\/h5>\n\n\n\n<p class=\"has-text-align-left has-quaternary-color has-text-color has-x-small-font-size\" style=\"line-height:1.7\">Nadie ama lo que no conoce&#8230; y la teologia es el modo especifico para conoer a Dios y a su obra en la iglesia&#8230; Inicia este curso con nosotros y no podras menos que estar conociento la gran obra de Dios en todoa su logica<\/p>\n<\/div>\n\n\n\n<div class=\"wp-block-group alignwide has-default-background-color has-background is-content-justification-space-between is-nowrap is-layout-flex wp-container-core-group-is-layout-9d881d32 wp-block-group-is-layout-flex\" style=\"border-top-color:var(--wp--preset--color--quinary);border-top-style:solid;border-top-width:1px;padding-top:var(--wp--preset--spacing--20);padding-right:var(--wp--preset--spacing--40);padding-bottom:var(--wp--preset--spacing--20);padding-left:var(--wp--preset--spacing--40)\">\n<div class=\"wp-block-group is-nowrap is-layout-flex wp-container-core-group-is-layout-f1189ed3 wp-block-group-is-layout-flex\">\n<div class=\"wp-block-group is-nowrap is-layout-flex wp-container-core-group-is-layout-9e5bc4f1 wp-block-group-is-layout-flex\">\n<figure class=\"wp-block-image size-full is-resized\" style=\"margin-top:-2px\"><img decoding=\"async\" src=\"http:\/\/escuela.teologialaicos.org\/wp-content\/themes\/patterns-education\/assets\/img\/icon-4.png\" alt=\"\" style=\"width:16px\"\/><\/figure>\n\n\n\n<p>110<\/p>\n<\/div>\n\n\n\n<div class=\"wp-block-group is-nowrap is-layout-flex wp-container-core-group-is-layout-9e5bc4f1 wp-block-group-is-layout-flex\">\n<figure class=\"wp-block-image size-full is-resized\" style=\"margin-top:-2px\"><img decoding=\"async\" src=\"http:\/\/escuela.teologialaicos.org\/wp-content\/themes\/patterns-education\/assets\/img\/icon-5.png\" alt=\"\" style=\"width:16px\"\/><\/figure>\n\n\n\n<p>10<\/p>\n<\/div>\n<\/div>\n\n\n\n<p style=\"font-style:normal;font-weight:700\">$30.00<\/p>\n<\/div>\n<\/div>\n<\/div>\n\n\n\n<div class=\"wp-block-column is-vertically-aligned-center is-layout-flow wp-block-column-is-layout-flow\">\n<div class=\"wp-block-group has-global-padding is-layout-constrained wp-container-core-group-is-layout-e555385e wp-block-group-is-layout-constrained\" style=\"border-radius:5px\">\n<figure class=\"wp-block-image size-full has-custom-border\"><img decoding=\"async\" src=\"http:\/\/escuela.teologialaicos.org\/wp-content\/themes\/patterns-education\/assets\/img\/img-5.jpg\" alt=\"\" style=\"border-top-left-radius:5px;border-top-right-radius:5px\"\/><\/figure>\n\n\n\n<div class=\"wp-block-group alignwide has-default-background-color has-background has-global-padding is-layout-constrained wp-container-core-group-is-layout-0ab104ca wp-block-group-is-layout-constrained\" style=\"padding-top:var(--wp--preset--spacing--40);padding-right:var(--wp--preset--spacing--40);padding-bottom:var(--wp--preset--spacing--40);padding-left:var(--wp--preset--spacing--40)\">\n<h5 class=\"wp-block-heading alignwide has-base-color has-text-color\">Desarrollo espiritual y humano<\/h5>\n\n\n\n<p class=\"has-text-align-left has-quaternary-color has-text-color has-x-small-font-size\" style=\"line-height:1.7\">Todas las personas podemos y debemos responder a los dones que Dios nos ha dado a todos y cada uno de nosotros&#8230; este curso te llevara a concer cada aspecto de ello&#8230;<\/p>\n<\/div>\n\n\n\n<div class=\"wp-block-group alignwide has-default-background-color has-background is-content-justification-space-between is-nowrap is-layout-flex wp-container-core-group-is-layout-9d881d32 wp-block-group-is-layout-flex\" style=\"border-top-color:var(--wp--preset--color--quinary);border-top-style:solid;border-top-width:1px;padding-top:var(--wp--preset--spacing--20);padding-right:var(--wp--preset--spacing--40);padding-bottom:var(--wp--preset--spacing--20);padding-left:var(--wp--preset--spacing--40)\">\n<div class=\"wp-block-group is-nowrap is-layout-flex wp-container-core-group-is-layout-f1189ed3 wp-block-group-is-layout-flex\">\n<div class=\"wp-block-group is-nowrap is-layout-flex wp-container-core-group-is-layout-9e5bc4f1 wp-block-group-is-layout-flex\">\n<figure class=\"wp-block-image size-full is-resized\" style=\"margin-top:-2px\"><img decoding=\"async\" src=\"http:\/\/escuela.teologialaicos.org\/wp-content\/themes\/patterns-education\/assets\/img\/icon-4.png\" alt=\"\" style=\"width:16px\"\/><\/figure>\n\n\n\n<p>110<\/p>\n<\/div>\n\n\n\n<div class=\"wp-block-group is-nowrap is-layout-flex wp-container-core-group-is-layout-9e5bc4f1 wp-block-group-is-layout-flex\">\n<figure class=\"wp-block-image size-full is-resized\" style=\"margin-top:-2px\"><img decoding=\"async\" src=\"http:\/\/escuela.teologialaicos.org\/wp-content\/themes\/patterns-education\/assets\/img\/icon-5.png\" alt=\"\" style=\"width:16px\"\/><\/figure>\n\n\n\n<p>10<\/p>\n<\/div>\n<\/div>\n\n\n\n<p style=\"font-style:normal;font-weight:700\">$30.00<\/p>\n<\/div>\n<\/div>\n<\/div>\n\n\n\n<div class=\"wp-block-column is-vertically-aligned-center is-layout-flow wp-block-column-is-layout-flow\">\n<div class=\"wp-block-group has-global-padding is-layout-constrained wp-container-core-group-is-layout-e555385e wp-block-group-is-layout-constrained\" style=\"border-radius:5px\">\n<figure class=\"wp-block-image size-full has-custom-border\"><img decoding=\"async\" src=\"http:\/\/escuela.teologialaicos.org\/wp-content\/themes\/patterns-education\/assets\/img\/img-6.jpg\" alt=\"\" style=\"border-top-left-radius:5px;border-top-right-radius:5px\"\/><\/figure>\n\n\n\n<div class=\"wp-block-group alignwide has-default-background-color has-background has-global-padding is-layout-constrained wp-container-core-group-is-layout-0ab104ca wp-block-group-is-layout-constrained\" style=\"padding-top:var(--wp--preset--spacing--40);padding-right:var(--wp--preset--spacing--40);padding-bottom:var(--wp--preset--spacing--40);padding-left:var(--wp--preset--spacing--40)\">\n<h5 class=\"wp-block-heading alignwide has-base-color has-text-color\">Biblia y espiritualidad<\/h5>\n\n\n\n<p class=\"has-text-align-left has-quaternary-color has-text-color has-x-small-font-size\" style=\"line-height:1.7\">La Biblia es la palabra de Dios que tenemos como herencia ya en esta tierra, y es el alimento para elevar el espiritu a las alturas del creador del hombre, Conociendo la Biblia conoceras el modo<\/p>\n<\/div>\n\n\n\n<div class=\"wp-block-group alignwide has-default-background-color has-background is-content-justification-space-between is-nowrap is-layout-flex wp-container-core-group-is-layout-9d881d32 wp-block-group-is-layout-flex\" style=\"border-top-color:var(--wp--preset--color--quinary);border-top-style:solid;border-top-width:1px;padding-top:var(--wp--preset--spacing--20);padding-right:var(--wp--preset--spacing--40);padding-bottom:var(--wp--preset--spacing--20);padding-left:var(--wp--preset--spacing--40)\">\n<div class=\"wp-block-group is-nowrap is-layout-flex wp-container-core-group-is-layout-f1189ed3 wp-block-group-is-layout-flex\">\n<div class=\"wp-block-group is-nowrap is-layout-flex wp-container-core-group-is-layout-9e5bc4f1 wp-block-group-is-layout-flex\">\n<figure class=\"wp-block-image size-full is-resized\" style=\"margin-top:-2px\"><img decoding=\"async\" src=\"http:\/\/escuela.teologialaicos.org\/wp-content\/themes\/patterns-education\/assets\/img\/icon-4.png\" alt=\"\" style=\"width:16px\"\/><\/figure>\n\n\n\n<p>110<\/p>\n<\/div>\n\n\n\n<div class=\"wp-block-group is-nowrap is-layout-flex wp-container-core-group-is-layout-9e5bc4f1 wp-block-group-is-layout-flex\">\n<figure class=\"wp-block-image size-full is-resized\" style=\"margin-top:-2px\"><img decoding=\"async\" src=\"http:\/\/escuela.teologialaicos.org\/wp-content\/themes\/patterns-education\/assets\/img\/icon-5.png\" alt=\"\" style=\"width:16px\"\/><\/figure>\n\n\n\n<p>10<\/p>\n<\/div>\n<\/div>\n\n\n\n<p style=\"font-style:normal;font-weight:700\">$30.00<\/p>\n<\/div>\n<\/div>\n<\/div>\n<\/div>\n\n\n\n<div class=\"wp-block-group has-global-padding is-layout-constrained wp-container-core-group-is-layout-c19476fc wp-block-group-is-layout-constrained\">\n<div class=\"wp-block-group is-content-justification-center is-nowrap is-layout-flex wp-container-core-group-is-layout-60758a6d wp-block-group-is-layout-flex\">\n<p class=\"has-medium-font-size\" style=\"font-style:normal;font-weight:700\">SUMATE+<\/p>\n\n\n\n<p class=\"has-text-align-center\">todo un mundo de crecimiento personal<\/p>\n<\/div>\n\n\n\n<div class=\"wp-block-buttons is-content-justification-center is-layout-flex wp-container-core-buttons-is-layout-a89b3969 wp-block-buttons-is-layout-flex\" style=\"letter-spacing:1px;text-transform:uppercase\">\n<div class=\"wp-block-button is-style-fill\"><a class=\"wp-block-button__link has-text-align-center wp-element-button\">inscribete a nuestro boletin<\/a><\/div>\n<\/div>\n<\/div>\n<\/div>\n","protected":false},"excerpt":{"rendered":"<p>Inicios en mayo y junio 2026 Inicios: Mayo y Junio 2026 Pastoral de la Salud \u00bfSientes el llamado a ser consuelo y esperanza? Aprende a acompa\u00f1ar el sufrimiento, la enfermedad y el duelo desde la fe. Formaci\u00f3n pr\u00e1ctica y espiritual para visitar hospitales, hogares y familias. Maestria en &#8216;Relacion de Ayuda&#8217; La buena voluntad de [&hellip;]<\/p>\n","protected":false},"author":1,"featured_media":140,"parent":0,"menu_order":0,"comment_status":"closed","ping_status":"closed","template":"","meta":{"_themeisle_gutenberg_block_has_review":false,"footnotes":""},"class_list":["post-71","page","type-page","status-publish","has-post-thumbnail","hentry"],"_links":{"self":[{"href":"http:\/\/escuela.teologialaicos.org\/index.php?rest_route=\/wp\/v2\/pages\/71","targetHints":{"allow":["GET"]}}],"collection":[{"href":"http:\/\/escuela.teologialaicos.org\/index.php?rest_route=\/wp\/v2\/pages"}],"about":[{"href":"http:\/\/escuela.teologialaicos.org\/index.php?rest_route=\/wp\/v2\/types\/page"}],"author":[{"embeddable":true,"href":"http:\/\/escuela.teologialaicos.org\/index.php?rest_route=\/wp\/v2\/users\/1"}],"replies":[{"embeddable":true,"href":"http:\/\/escuela.teologialaicos.org\/index.php?rest_route=%2Fwp%2Fv2%2Fcomments&post=71"}],"version-history":[{"count":19,"href":"http:\/\/escuela.teologialaicos.org\/index.php?rest_route=\/wp\/v2\/pages\/71\/revisions"}],"predecessor-version":[{"id":364,"href":"http:\/\/escuela.teologialaicos.org\/index.php?rest_route=\/wp\/v2\/pages\/71\/revisions\/364"}],"wp:featuredmedia":[{"embeddable":true,"href":"http:\/\/escuela.teologialaicos.org\/index.php?rest_route=\/wp\/v2\/media\/140"}],"wp:attachment":[{"href":"http:\/\/escuela.teologialaicos.org\/index.php?rest_route=%2Fwp%2Fv2%2Fmedia&parent=71"}],"curies":[{"name":"wp","href":"https:\/\/api.w.org\/{rel}","templated":true}]}}